{"id":1406,"date":"2023-02-15T14:11:12","date_gmt":"2023-02-15T13:11:12","guid":{"rendered":"https:\/\/lafermedejeanmetge.fr\/?page_id=1406"},"modified":"2024-07-23T16:38:47","modified_gmt":"2024-07-23T14:38:47","slug":"condition-vente","status":"publish","type":"page","link":"https:\/\/lafermedejeanmetge.fr\/?page_id=1406","title":{"rendered":"Conditions g\u00e9n\u00e9rales de ventes"},"content":{"rendered":"\t\t<div data-elementor-type=\"wp-page\" data-elementor-id=\"1406\" class=\"elementor elementor-1406\">\n\t\t\t\t\t\t<section class=\"elementor-section elementor-top-section elementor-element elementor-element-73c69b8a elementor-section-boxed elementor-section-height-default elementor-section-height-default\" data-id=\"73c69b8a\" data-element_type=\"section\" data-e-type=\"section\">\n\t\t\t\t\t\t<div class=\"elementor-container elementor-column-gap-default\">\n\t\t\t\t\t<div class=\"elementor-column elementor-col-100 elementor-top-column elementor-element elementor-element-5dce2872\" data-id=\"5dce2872\" data-element_type=\"column\" data-e-type=\"column\">\n\t\t\t<div class=\"elementor-widget-wrap elementor-element-populated\">\n\t\t\t\t\t\t<div class=\"elementor-element elementor-element-211c49fd elementor-widget elementor-widget-text-editor\" data-id=\"211c49fd\" data-element_type=\"widget\" data-e-type=\"widget\" data-widget_type=\"text-editor.default\">\n\t\t\t\t<div class=\"elementor-widget-container\">\n\t\t\t\t\t\t\t\t\t<p>En passant commande, vous reconnaissez avoir pris connaissance des conditions g\u00e9n\u00e9rales de ventes :<\/p>\n<p><strong>Article 1 \u2013 Objet<\/strong><\/p>\n<p>Les pr\u00e9sentes conditions g\u00e9n\u00e9rales de vente ont pour objet de d\u00e9finir, exclusivement, \u00e0 raison des relations qu\u2019elles \u00e9tablissent sur le r\u00e9seau Internet, les droits et obligations des Parties n\u00e9s de la vente en ligne des Produits propos\u00e9s sur le Site.<br>Elles r\u00e8glent toutes les \u00e9tapes n\u00e9cessaires \u00e0 la passation de la commande et assurent le suivi de cette commande entre les Parties.<br>Les pr\u00e9sentes s\u2019appliquent \u00e0 l\u2019exclusion de tout autre document.<\/p>\n<p><strong>Article 2 \u2013 Produits<\/strong><\/p>\n<p>Les Produits propos\u00e9s \u00e0 la vente par La Ferme de Jeanmetge sont ceux qui figurent sur le Site, au jour de la consultation du Site par l\u2019Utilisateur et dans la limite des stocks disponibles.<br>En cas d\u2019indisponibilit\u00e9 de l\u2019un des Produits, le client en sera inform\u00e9 au plus vite.<\/p>\n<p><strong>Article 3 \u2013 Prix<\/strong><\/p>\n<p>Les prix sont indiqu\u00e9s en Euro et toutes taxes comprises.<\/p>\n<p>Les prix indiqu\u00e9s sont garantis au jour de la commande dans la limite des stocks disponibles.<br>Les prix indiqu\u00e9s ne tiennent pas compte des frais de port qui seront factur\u00e9s en sus en fonction du montant de la commande et du pays de livraison, et seront pr\u00e9cis\u00e9s \u00e0 l\u2019Utilisateur lors de la validation d\u00e9finitive de sa commande.<\/p>\n<p>Des taxes \u00e9ventuelles, droits de douane et autres frais li\u00e9s qui sont impos\u00e9s lorsque le colis parvient \u00e0 sa destination peuvent \u00eatre appliqu\u00e9s en suppl\u00e9ment et sont \u00e0 la charge du Client et rel\u00e8vent de sa responsabilit\u00e9.<\/p>\n<p>La Ferme de Jeanmetge se r\u00e9serve le droit, ce que l\u2019Utilisateur accepte, de modifier ses prix \u00e0 tout moment.<\/p>\n<p><strong>Article 4 \u2013 Enregistrement et validation de commande<\/strong><\/p>\n<p><strong>4.1 Navigation \u00e0 l\u2019int\u00e9rieur du Site<\/strong><\/p>\n<p>L\u2019Utilisateur peut prendre connaissance des diff\u00e9rents Produits propos\u00e9s \u00e0 la vente par La Ferme de Jeanmetge sur son Site.<br>L\u2019Utilisateur peut naviguer librement sur les diff\u00e9rentes pages du Site sans \u00eatre engag\u00e9 au titre d\u2019une commande.<\/p>\n<p><strong>4.2 Enregistrement&nbsp;d\u2019une commande<\/strong><\/p>\n<p>Si l\u2019Utilisateur souhaite passer commande, il choisira les diff\u00e9rents Produits auxquels il porte un int\u00e9r\u00eat, et manifestera &nbsp;le dit int\u00e9r\u00eat en cliquant sur le pictogramme \u00ab panier \u00bb.<br>A tout moment, l\u2019Utilisateur pourra :<\/p>\n<ul>\n<li>obtenir un r\u00e9capitulatif des Produits qu\u2019il a s\u00e9lectionn\u00e9s, en cliquant sur le panier.<\/li>\n<li>poursuivre ou modifier sa s\u00e9lection de Produits en revenant \u00e0 la page d\u2019acceuil.<\/li>\n<li>terminer sa s\u00e9lection de Produits et commander ces Produits en cliquant sur \u201c<\/li>\n<\/ul>\n<p>Pour commander les Produits qu\u2019il a ainsi choisis, apr\u00e8s avoir cliqu\u00e9 sur \u201cValider la commande\u201d, l\u2019 Utilisateur devra s\u2019identifier, en saisissant ses coordonn\u00e9es.<\/p>\n<p><strong>4.3 Validation d\u00e9finitive de la commande et paiement<\/strong><\/p>\n<p>Apr\u00e8s avoir pris connaissance de l\u2019\u00e9tat de sa commande, et une fois que l\u2019ensemble des informations demand\u00e9es aura \u00e9t\u00e9 compl\u00e9t\u00e9 par l\u2019Utilisateur, un r\u00e9capitulatif de ces informations et de la commande appara\u00eetra et ce dernier devra choisir le mode de paiement avec lequel il souhaite effectuer son paiement pour confirmer d\u00e9finitivement sa commande.<\/p>\n<p><strong>Article 5 \u2013 Livraison<\/strong><\/p>\n<p><strong>5.1 D\u00e9lais et modes d\u2019exp\u00e9dition<\/strong><\/p>\n<p>Les commandes seront trait\u00e9es et exp\u00e9di\u00e9es 1 fois par semaine<\/p>\n<p><strong>D\u00e9lai de livraison en France m\u00e9tropolitaine<\/strong><\/p>\n<p>Les commandes sont &nbsp;livr\u00e9es en 2 \u00e0 3 jours par Mondial Relay.<br>Ces d\u00e9lais s\u2019entendent en jours ouvr\u00e9s, hors probl\u00e8me d\u2019acheminement .<\/p>\n<p><strong>D\u00e9lai de livraison dans le reste du monde<\/strong><\/p>\n<p>Votre commande sera livr\u00e9e par Mondial Relay selon le pays de destination. &nbsp;<\/p>\n<p><strong>5.2 Retard \/ absence de&nbsp;livraison<\/strong><\/p>\n<p><strong>Perte de colis lors du transport<\/strong><\/p>\n<p>Dans le cas d\u2019un retard de livraison de plus de 7 jours, le Client devra en informer La Ferme de Jeanmetge qui transmettra l\u2019information \u00e0 l&rsquo;entreprise Mondial Relay pour d\u00e9clencher l\u2019ouverture d\u2019une enqu\u00eate. Si dans un d\u00e9lai de 21 jours le colis n\u2019est pas retrouv\u00e9, La Ferme de Jeanmetge renverra au Client un colis de remplacement, \u00e0 ses frais.<\/p>\n<p><strong>Annulation de commande<\/strong><\/p>\n<p>En cas de retard de livraison de plus de 14 jours par rapport \u00e0 la date de livraison pr\u00e9vue, le Client peut annuler sa commande en contactant la Ferme de Jeanmetge par mail ou t\u00e9l\u00e9phone.<\/p>\n<p><strong>5.3 Anomalies<\/strong><\/p>\n<p>La Ferme de Jeanmetge ne peut \u00eatre tenue responsable de la casse survenue pendant le transport.<\/p>\n<p><strong>Article 6 \u2013 Retour et droit de r\u00e9tractation<\/strong><\/p>\n<p><strong>Conditions de&nbsp;r\u00e9tractation<\/strong><\/p>\n<p>Le Client dispose d\u2019un droit de retour de quatorze (14) jours \u00e0 compter de la r\u00e9ception de la totalit\u00e9 de sa commande pour se r\u00e9tracter sans n\u00e9cessairement donner de motif, mais devra retourner les produits \u00e0 ses frais pour obtenir le remboursement.<\/p>\n<p><strong>Retour des produits<\/strong><\/p>\n<p>Le Client doit retourner les Produits au plus tard quatorze (14) jours apr\u00e8s avoir communiqu\u00e9 sa d\u00e9cision de r\u00e9tractation.<br>Les produits retourn\u00e9s doivent \u00eatre non entam\u00e9s, complets et non ab\u00eem\u00e9s.<br>Le retour des colis doit s\u2019effectuer \u00e0 l\u2019adresse suivante :<\/p>\n<p>La Ferme de Jeanmetge<\/p><p>Marie Solaire<\/p><p>508 chemin de Jeanmetge<br><\/p>\n<p>47290 Cancon<br>France<\/p><br>\t\t\t\t\t\t\t\t<\/div>\n\t\t\t\t<\/div>\n\t\t\t\t\t<\/div>\n\t\t<\/div>\n\t\t\t\t\t<\/div>\n\t\t<\/section>\n\t\t\t\t<\/div>\n\t\t","protected":false},"excerpt":{"rendered":"<p>En passant commande, vous reconnaissez avoir pris connaissance des conditions g\u00e9n\u00e9rales de ventes : Article 1 \u2013 Objet Les pr\u00e9sentes conditions g\u00e9n\u00e9rales de vente ont pour objet de d\u00e9finir, exclusivement, \u00e0 raison des relations qu\u2019elles \u00e9tablissent sur le r\u00e9seau Internet, les droits et obligations des Parties n\u00e9s de la vente en ligne des Produits propos\u00e9s &hellip;<\/p>\n<p class=\"read-more\"> <a class=\"\" href=\"https:\/\/lafermedejeanmetge.fr\/?page_id=1406\"> <span class=\"screen-reader-text\">Conditions g\u00e9n\u00e9rales de ventes<\/span> Lire la suite\u00a0\u00bb<\/a><\/p>\n","protected":false},"author":1,"featured_media":0,"parent":0,"menu_order":0,"comment_status":"closed","ping_status":"closed","template":"","meta":{"site-sidebar-layout":"default","site-content-layout":"default","ast-global-header-display":"","ast-main-header-display":"","ast-hfb-above-header-display":"","ast-hfb-below-header-display":"","ast-hfb-mobile-header-display":"","site-post-title":"","ast-breadcrumbs-content":"","ast-featured-img":"","footer-sml-layout":"","theme-transparent-header-meta":"","adv-header-id-meta":"","stick-header-meta":"","header-above-stick-meta":"","header-main-stick-meta":"","header-below-stick-meta":"","footnotes":""},"class_list":["post-1406","page","type-page","status-publish","hentry"],"yoast_head":"<!-- This site is optimized with the Yoast SEO plugin v27.5 - https:\/\/yoast.com\/product\/yoast-seo-wordpress\/ -->\n<title>Conditions g\u00e9n\u00e9rales de ventes - La Ferme de Jeanmetge<\/title>\n<meta name=\"robots\" content=\"index, follow, max-snippet:-1, max-image-preview:large, max-video-preview:-1\" \/>\n<link rel=\"canonical\" href=\"https:\/\/lafermedejeanmetge.fr\/?page_id=1406\" \/>\n<meta property=\"og:locale\" content=\"fr_FR\" \/>\n<meta property=\"og:type\" content=\"article\" \/>\n<meta property=\"og:title\" content=\"Conditions g\u00e9n\u00e9rales de ventes - La Ferme de Jeanmetge\" \/>\n<meta property=\"og:description\" content=\"En passant commande, vous reconnaissez avoir pris connaissance des conditions g\u00e9n\u00e9rales de ventes : Article 1 \u2013 Objet Les pr\u00e9sentes conditions g\u00e9n\u00e9rales de vente ont pour objet de d\u00e9finir, exclusivement, \u00e0 raison des relations qu\u2019elles \u00e9tablissent sur le r\u00e9seau Internet, les droits et obligations des Parties n\u00e9s de la vente en ligne des Produits propos\u00e9s &hellip; Conditions g\u00e9n\u00e9rales de ventes Lire la suite\u00a0\u00bb\" \/>\n<meta property=\"og:url\" content=\"https:\/\/lafermedejeanmetge.fr\/?page_id=1406\" \/>\n<meta property=\"og:site_name\" content=\"La Ferme de Jeanmetge\" \/>\n<meta property=\"article:modified_time\" content=\"2024-07-23T14:38:47+00:00\" \/>\n<meta name=\"twitter:card\" content=\"summary_large_image\" \/>\n<meta name=\"twitter:label1\" content=\"Dur\u00e9e de lecture estim\u00e9e\" \/>\n\t<meta name=\"twitter:data1\" content=\"4 minutes\" \/>\n<script type=\"application\/ld+json\" class=\"yoast-schema-graph\">{\"@context\":\"https:\\\/\\\/schema.org\",\"@graph\":[{\"@type\":\"WebPage\",\"@id\":\"https:\\\/\\\/lafermedejeanmetge.fr\\\/?page_id=1406\",\"url\":\"https:\\\/\\\/lafermedejeanmetge.fr\\\/?page_id=1406\",\"name\":\"Conditions g\u00e9n\u00e9rales de ventes - La Ferme de Jeanmetge\",\"isPartOf\":{\"@id\":\"https:\\\/\\\/lafermedejeanmetge.fr\\\/#website\"},\"datePublished\":\"2023-02-15T13:11:12+00:00\",\"dateModified\":\"2024-07-23T14:38:47+00:00\",\"breadcrumb\":{\"@id\":\"https:\\\/\\\/lafermedejeanmetge.fr\\\/?page_id=1406#breadcrumb\"},\"inLanguage\":\"fr-FR\",\"potentialAction\":[{\"@type\":\"ReadAction\",\"target\":[\"https:\\\/\\\/lafermedejeanmetge.fr\\\/?page_id=1406\"]}]},{\"@type\":\"BreadcrumbList\",\"@id\":\"https:\\\/\\\/lafermedejeanmetge.fr\\\/?page_id=1406#breadcrumb\",\"itemListElement\":[{\"@type\":\"ListItem\",\"position\":1,\"name\":\"Accueil\",\"item\":\"https:\\\/\\\/lafermedejeanmetge.fr\\\/\"},{\"@type\":\"ListItem\",\"position\":2,\"name\":\"Conditions g\u00e9n\u00e9rales de ventes\"}]},{\"@type\":\"WebSite\",\"@id\":\"https:\\\/\\\/lafermedejeanmetge.fr\\\/#website\",\"url\":\"https:\\\/\\\/lafermedejeanmetge.fr\\\/\",\"name\":\"La Ferme de Jeanmetge\",\"description\":\"\",\"publisher\":{\"@id\":\"https:\\\/\\\/lafermedejeanmetge.fr\\\/#organization\"},\"potentialAction\":[{\"@type\":\"SearchAction\",\"target\":{\"@type\":\"EntryPoint\",\"urlTemplate\":\"https:\\\/\\\/lafermedejeanmetge.fr\\\/?s={search_term_string}\"},\"query-input\":{\"@type\":\"PropertyValueSpecification\",\"valueRequired\":true,\"valueName\":\"search_term_string\"}}],\"inLanguage\":\"fr-FR\"},{\"@type\":\"Organization\",\"@id\":\"https:\\\/\\\/lafermedejeanmetge.fr\\\/#organization\",\"name\":\"La Ferme de Jeanmetge\",\"url\":\"https:\\\/\\\/lafermedejeanmetge.fr\\\/\",\"logo\":{\"@type\":\"ImageObject\",\"inLanguage\":\"fr-FR\",\"@id\":\"https:\\\/\\\/lafermedejeanmetge.fr\\\/#\\\/schema\\\/logo\\\/image\\\/\",\"url\":\"https:\\\/\\\/lafermedejeanmetge.fr\\\/wp-content\\\/uploads\\\/2023\\\/02\\\/logo-2.png\",\"contentUrl\":\"https:\\\/\\\/lafermedejeanmetge.fr\\\/wp-content\\\/uploads\\\/2023\\\/02\\\/logo-2.png\",\"width\":2400,\"height\":676,\"caption\":\"La Ferme de Jeanmetge\"},\"image\":{\"@id\":\"https:\\\/\\\/lafermedejeanmetge.fr\\\/#\\\/schema\\\/logo\\\/image\\\/\"},\"sameAs\":[\"https:\\\/\\\/www.instagram.com\\\/ferme_de_jeanmetge\\\/\"]}]}<\/script>\n<!-- \/ Yoast SEO plugin. -->","yoast_head_json":{"title":"Conditions g\u00e9n\u00e9rales de ventes - La Ferme de Jeanmetge","robots":{"index":"index","follow":"follow","max-snippet":"max-snippet:-1","max-image-preview":"max-image-preview:large","max-video-preview":"max-video-preview:-1"},"canonical":"https:\/\/lafermedejeanmetge.fr\/?page_id=1406","og_locale":"fr_FR","og_type":"article","og_title":"Conditions g\u00e9n\u00e9rales de ventes - La Ferme de Jeanmetge","og_description":"En passant commande, vous reconnaissez avoir pris connaissance des conditions g\u00e9n\u00e9rales de ventes : Article 1 \u2013 Objet Les pr\u00e9sentes conditions g\u00e9n\u00e9rales de vente ont pour objet de d\u00e9finir, exclusivement, \u00e0 raison des relations qu\u2019elles \u00e9tablissent sur le r\u00e9seau Internet, les droits et obligations des Parties n\u00e9s de la vente en ligne des Produits propos\u00e9s &hellip; Conditions g\u00e9n\u00e9rales de ventes Lire la suite\u00a0\u00bb","og_url":"https:\/\/lafermedejeanmetge.fr\/?page_id=1406","og_site_name":"La Ferme de Jeanmetge","article_modified_time":"2024-07-23T14:38:47+00:00","twitter_card":"summary_large_image","twitter_misc":{"Dur\u00e9e de lecture estim\u00e9e":"4 minutes"},"schema":{"@context":"https:\/\/schema.org","@graph":[{"@type":"WebPage","@id":"https:\/\/lafermedejeanmetge.fr\/?page_id=1406","url":"https:\/\/lafermedejeanmetge.fr\/?page_id=1406","name":"Conditions g\u00e9n\u00e9rales de ventes - La Ferme de Jeanmetge","isPartOf":{"@id":"https:\/\/lafermedejeanmetge.fr\/#website"},"datePublished":"2023-02-15T13:11:12+00:00","dateModified":"2024-07-23T14:38:47+00:00","breadcrumb":{"@id":"https:\/\/lafermedejeanmetge.fr\/?page_id=1406#breadcrumb"},"inLanguage":"fr-FR","potentialAction":[{"@type":"ReadAction","target":["https:\/\/lafermedejeanmetge.fr\/?page_id=1406"]}]},{"@type":"BreadcrumbList","@id":"https:\/\/lafermedejeanmetge.fr\/?page_id=1406#breadcrumb","itemListElement":[{"@type":"ListItem","position":1,"name":"Accueil","item":"https:\/\/lafermedejeanmetge.fr\/"},{"@type":"ListItem","position":2,"name":"Conditions g\u00e9n\u00e9rales de ventes"}]},{"@type":"WebSite","@id":"https:\/\/lafermedejeanmetge.fr\/#website","url":"https:\/\/lafermedejeanmetge.fr\/","name":"La Ferme de Jeanmetge","description":"","publisher":{"@id":"https:\/\/lafermedejeanmetge.fr\/#organization"},"potentialAction":[{"@type":"SearchAction","target":{"@type":"EntryPoint","urlTemplate":"https:\/\/lafermedejeanmetge.fr\/?s={search_term_string}"},"query-input":{"@type":"PropertyValueSpecification","valueRequired":true,"valueName":"search_term_string"}}],"inLanguage":"fr-FR"},{"@type":"Organization","@id":"https:\/\/lafermedejeanmetge.fr\/#organization","name":"La Ferme de Jeanmetge","url":"https:\/\/lafermedejeanmetge.fr\/","logo":{"@type":"ImageObject","inLanguage":"fr-FR","@id":"https:\/\/lafermedejeanmetge.fr\/#\/schema\/logo\/image\/","url":"https:\/\/lafermedejeanmetge.fr\/wp-content\/uploads\/2023\/02\/logo-2.png","contentUrl":"https:\/\/lafermedejeanmetge.fr\/wp-content\/uploads\/2023\/02\/logo-2.png","width":2400,"height":676,"caption":"La Ferme de Jeanmetge"},"image":{"@id":"https:\/\/lafermedejeanmetge.fr\/#\/schema\/logo\/image\/"},"sameAs":["https:\/\/www.instagram.com\/ferme_de_jeanmetge\/"]}]}},"jetpack_sharing_enabled":true,"_links":{"self":[{"href":"https:\/\/lafermedejeanmetge.fr\/index.php?rest_route=\/wp\/v2\/pages\/1406","targetHints":{"allow":["GET"]}}],"collection":[{"href":"https:\/\/lafermedejeanmetge.fr\/index.php?rest_route=\/wp\/v2\/pages"}],"about":[{"href":"https:\/\/lafermedejeanmetge.fr\/index.php?rest_route=\/wp\/v2\/types\/page"}],"author":[{"embeddable":true,"href":"https:\/\/lafermedejeanmetge.fr\/index.php?rest_route=\/wp\/v2\/users\/1"}],"replies":[{"embeddable":true,"href":"https:\/\/lafermedejeanmetge.fr\/index.php?rest_route=%2Fwp%2Fv2%2Fcomments&post=1406"}],"version-history":[{"count":11,"href":"https:\/\/lafermedejeanmetge.fr\/index.php?rest_route=\/wp\/v2\/pages\/1406\/revisions"}],"predecessor-version":[{"id":2020,"href":"https:\/\/lafermedejeanmetge.fr\/index.php?rest_route=\/wp\/v2\/pages\/1406\/revisions\/2020"}],"wp:attachment":[{"href":"https:\/\/lafermedejeanmetge.fr\/index.php?rest_route=%2Fwp%2Fv2%2Fmedia&parent=1406"}],"curies":[{"name":"wp","href":"https:\/\/api.w.org\/{rel}","templated":true}]}}