{"id":1951,"date":"2023-03-06T17:41:58","date_gmt":"2023-03-06T16:41:58","guid":{"rendered":"https:\/\/lafermedejeanmetge.fr\/?page_id=1951"},"modified":"2023-06-05T23:18:43","modified_gmt":"2023-06-05T21:18:43","slug":"mentions-legales","status":"publish","type":"page","link":"https:\/\/lafermedejeanmetge.fr\/?page_id=1951","title":{"rendered":"Mentions l\u00e9gales"},"content":{"rendered":"\t\t<div data-elementor-type=\"wp-page\" data-elementor-id=\"1951\" class=\"elementor elementor-1951\">\n\t\t\t\t\t\t<section class=\"elementor-section elementor-top-section elementor-element elementor-element-65f99db5 elementor-section-boxed elementor-section-height-default elementor-section-height-default\" data-id=\"65f99db5\" data-element_type=\"section\" data-e-type=\"section\">\n\t\t\t\t\t\t<div class=\"elementor-container elementor-column-gap-default\">\n\t\t\t\t\t<div class=\"elementor-column elementor-col-100 elementor-top-column elementor-element elementor-element-76a79b69\" data-id=\"76a79b69\" data-element_type=\"column\" data-e-type=\"column\">\n\t\t\t<div class=\"elementor-widget-wrap elementor-element-populated\">\n\t\t\t\t\t\t<div class=\"elementor-element elementor-element-23991b2b elementor-widget elementor-widget-text-editor\" data-id=\"23991b2b\" data-element_type=\"widget\" data-e-type=\"widget\" data-widget_type=\"text-editor.default\">\n\t\t\t\t<div class=\"elementor-widget-container\">\n\t\t\t\t\t\t\t\t\t\n<p><strong>EDITEUR<\/strong><\/p>\n\n\n\n<p><strong><em>NOM&nbsp;:<\/em><\/strong> Mme SOLAIRE Marie<\/p>\n\n\n\n<p><strong><em>RAISON SOCIALE&nbsp;:<\/em><\/strong> La ferme de Jeanmetge<\/p>\n\n\n\n<p><strong><em>ADRESSE&nbsp;:<\/em><\/strong> 508, chemin de Jeanmetge &#8211;&nbsp; 47290 CANCON<\/p>\n\n\n\n<p><strong><em>MAIL&nbsp;:<\/em><\/strong> contact@lafermedejeanmetge.fr<\/p>\n\n\n\n<p><strong><em>TELEPHONE &nbsp;:<\/em><\/strong> 06 63 90 93 24<\/p>\n\n\n\n<p>______________________________________________<\/p>\n\n\n\n<p><strong><em>SIRET&nbsp;: &nbsp;<\/em><\/strong>43855683900035<\/p>\n\n\n\n<p><strong><em>CODE APE&nbsp;: <\/em><\/strong>0147Z<\/p>\n\n\n\n<p><strong><em>TVA INTRACOMMUNAUTAIRE&nbsp;: <\/em><\/strong>FR68438556839<\/p>\n\n\n\n<p><strong><em>INSCRIPTION ORGANISME PROFESSIONNEL&nbsp;: MSA<\/em><\/strong><\/p>\n\n\n\n<p>_______________________________________________<\/p>\n\n\n\n<p><strong><em>CONCEPTION ET R\u00c9ALISATION\u00a0:<\/em><\/strong> <a data-type=\"URL\" data-id=\"maxetremi.fr\" href=\"http:\/\/maxetremi.fr\">Max &amp; R\u00e9mi<\/a><\/p>\n\n\n\n<p><strong><em>SITE INTERNET H\u00c9BERG\u00c9<\/em><\/strong> <strong><em>PAR :<\/em><\/strong> <a href=\"https:\/\/www.hostinger.fr\" data-type=\"URL\" data-id=\"https:\/\/www.hostinger.fr\">Hostinger<\/a><\/p>\n\n\n\n<p><strong><em>RESSOURCE PHOTOGRAPHIQUE&nbsp;:<\/em><\/strong> La ferme de Jeanmetge tous droits r\u00e9serv\u00e9s.<\/p>\n\t\t\t\t\t\t\t\t<\/div>\n\t\t\t\t<\/div>\n\t\t\t\t\t<\/div>\n\t\t<\/div>\n\t\t\t\t\t<\/div>\n\t\t<\/section>\n\t\t\t\t<\/div>\n\t\t","protected":false},"excerpt":{"rendered":"<p>EDITEUR NOM&nbsp;: Mme SOLAIRE Marie RAISON SOCIALE&nbsp;: La ferme de Jeanmetge ADRESSE&nbsp;: 508, chemin de Jeanmetge &#8211;&nbsp; 47290 CANCON MAIL&nbsp;: contact@lafermedejeanmetge.fr TELEPHONE &nbsp;: 06 63 90 93 24 ______________________________________________ SIRET&nbsp;: &nbsp;43855683900035 CODE APE&nbsp;: 0147Z TVA INTRACOMMUNAUTAIRE&nbsp;: FR68438556839 INSCRIPTION ORGANISME PROFESSIONNEL&nbsp;: MSA _______________________________________________ CONCEPTION ET R\u00c9ALISATION\u00a0: Max &amp; R\u00e9mi SITE INTERNET H\u00c9BERG\u00c9 PAR : Hostinger RESSOURCE &hellip;<\/p>\n<p class=\"read-more\"> <a class=\"\" href=\"https:\/\/lafermedejeanmetge.fr\/?page_id=1951\"> <span class=\"screen-reader-text\">Mentions l\u00e9gales<\/span> Lire la suite\u00a0\u00bb<\/a><\/p>\n","protected":false},"author":1,"featured_media":0,"parent":0,"menu_order":0,"comment_status":"closed","ping_status":"closed","template":"","meta":{"site-sidebar-layout":"default","site-content-layout":"default","ast-global-header-display":"","ast-main-header-display":"","ast-hfb-above-header-display":"","ast-hfb-below-header-display":"","ast-hfb-mobile-header-display":"","site-post-title":"","ast-breadcrumbs-content":"","ast-featured-img":"","footer-sml-layout":"","theme-transparent-header-meta":"","adv-header-id-meta":"","stick-header-meta":"","header-above-stick-meta":"","header-main-stick-meta":"","header-below-stick-meta":"","footnotes":""},"class_list":["post-1951","page","type-page","status-publish","hentry"],"yoast_head":"<!-- This site is optimized with the Yoast SEO plugin v27.5 - https:\/\/yoast.com\/product\/yoast-seo-wordpress\/ -->\n<title>Mentions l\u00e9gales - La Ferme de Jeanmetge<\/title>\n<meta name=\"robots\" content=\"index, follow, max-snippet:-1, max-image-preview:large, max-video-preview:-1\" \/>\n<link rel=\"canonical\" href=\"https:\/\/lafermedejeanmetge.fr\/?page_id=1951\" \/>\n<meta property=\"og:locale\" content=\"fr_FR\" \/>\n<meta property=\"og:type\" content=\"article\" \/>\n<meta property=\"og:title\" content=\"Mentions l\u00e9gales - La Ferme de Jeanmetge\" \/>\n<meta property=\"og:description\" content=\"EDITEUR NOM&nbsp;: Mme SOLAIRE Marie RAISON SOCIALE&nbsp;: La ferme de Jeanmetge ADRESSE&nbsp;: 508, chemin de Jeanmetge &#8211;&nbsp; 47290 CANCON MAIL&nbsp;: contact@lafermedejeanmetge.fr TELEPHONE &nbsp;: 06 63 90 93 24 ______________________________________________ SIRET&nbsp;: &nbsp;43855683900035 CODE APE&nbsp;: 0147Z TVA INTRACOMMUNAUTAIRE&nbsp;: FR68438556839 INSCRIPTION ORGANISME PROFESSIONNEL&nbsp;: MSA _______________________________________________ CONCEPTION ET R\u00c9ALISATION\u00a0: Max &amp; R\u00e9mi SITE INTERNET H\u00c9BERG\u00c9 PAR : Hostinger RESSOURCE &hellip; Mentions l\u00e9gales Lire la suite\u00a0\u00bb\" \/>\n<meta property=\"og:url\" content=\"https:\/\/lafermedejeanmetge.fr\/?page_id=1951\" \/>\n<meta property=\"og:site_name\" content=\"La Ferme de Jeanmetge\" \/>\n<meta property=\"article:modified_time\" content=\"2023-06-05T21:18:43+00:00\" \/>\n<meta name=\"twitter:card\" content=\"summary_large_image\" \/>\n<meta name=\"twitter:label1\" content=\"Dur\u00e9e de lecture estim\u00e9e\" \/>\n\t<meta name=\"twitter:data1\" content=\"1 minute\" \/>\n<script type=\"application\/ld+json\" class=\"yoast-schema-graph\">{\"@context\":\"https:\\\/\\\/schema.org\",\"@graph\":[{\"@type\":\"WebPage\",\"@id\":\"https:\\\/\\\/lafermedejeanmetge.fr\\\/?page_id=1951\",\"url\":\"https:\\\/\\\/lafermedejeanmetge.fr\\\/?page_id=1951\",\"name\":\"Mentions l\u00e9gales - La Ferme de Jeanmetge\",\"isPartOf\":{\"@id\":\"https:\\\/\\\/lafermedejeanmetge.fr\\\/#website\"},\"datePublished\":\"2023-03-06T16:41:58+00:00\",\"dateModified\":\"2023-06-05T21:18:43+00:00\",\"breadcrumb\":{\"@id\":\"https:\\\/\\\/lafermedejeanmetge.fr\\\/?page_id=1951#breadcrumb\"},\"inLanguage\":\"fr-FR\",\"potentialAction\":[{\"@type\":\"ReadAction\",\"target\":[\"https:\\\/\\\/lafermedejeanmetge.fr\\\/?page_id=1951\"]}]},{\"@type\":\"BreadcrumbList\",\"@id\":\"https:\\\/\\\/lafermedejeanmetge.fr\\\/?page_id=1951#breadcrumb\",\"itemListElement\":[{\"@type\":\"ListItem\",\"position\":1,\"name\":\"Accueil\",\"item\":\"https:\\\/\\\/lafermedejeanmetge.fr\\\/\"},{\"@type\":\"ListItem\",\"position\":2,\"name\":\"Mentions l\u00e9gales\"}]},{\"@type\":\"WebSite\",\"@id\":\"https:\\\/\\\/lafermedejeanmetge.fr\\\/#website\",\"url\":\"https:\\\/\\\/lafermedejeanmetge.fr\\\/\",\"name\":\"La Ferme de Jeanmetge\",\"description\":\"\",\"publisher\":{\"@id\":\"https:\\\/\\\/lafermedejeanmetge.fr\\\/#organization\"},\"potentialAction\":[{\"@type\":\"SearchAction\",\"target\":{\"@type\":\"EntryPoint\",\"urlTemplate\":\"https:\\\/\\\/lafermedejeanmetge.fr\\\/?s={search_term_string}\"},\"query-input\":{\"@type\":\"PropertyValueSpecification\",\"valueRequired\":true,\"valueName\":\"search_term_string\"}}],\"inLanguage\":\"fr-FR\"},{\"@type\":\"Organization\",\"@id\":\"https:\\\/\\\/lafermedejeanmetge.fr\\\/#organization\",\"name\":\"La Ferme de Jeanmetge\",\"url\":\"https:\\\/\\\/lafermedejeanmetge.fr\\\/\",\"logo\":{\"@type\":\"ImageObject\",\"inLanguage\":\"fr-FR\",\"@id\":\"https:\\\/\\\/lafermedejeanmetge.fr\\\/#\\\/schema\\\/logo\\\/image\\\/\",\"url\":\"https:\\\/\\\/lafermedejeanmetge.fr\\\/wp-content\\\/uploads\\\/2023\\\/02\\\/logo-2.png\",\"contentUrl\":\"https:\\\/\\\/lafermedejeanmetge.fr\\\/wp-content\\\/uploads\\\/2023\\\/02\\\/logo-2.png\",\"width\":2400,\"height\":676,\"caption\":\"La Ferme de Jeanmetge\"},\"image\":{\"@id\":\"https:\\\/\\\/lafermedejeanmetge.fr\\\/#\\\/schema\\\/logo\\\/image\\\/\"},\"sameAs\":[\"https:\\\/\\\/www.instagram.com\\\/ferme_de_jeanmetge\\\/\"]}]}<\/script>\n<!-- \/ Yoast SEO plugin. -->","yoast_head_json":{"title":"Mentions l\u00e9gales - La Ferme de Jeanmetge","robots":{"index":"index","follow":"follow","max-snippet":"max-snippet:-1","max-image-preview":"max-image-preview:large","max-video-preview":"max-video-preview:-1"},"canonical":"https:\/\/lafermedejeanmetge.fr\/?page_id=1951","og_locale":"fr_FR","og_type":"article","og_title":"Mentions l\u00e9gales - La Ferme de Jeanmetge","og_description":"EDITEUR NOM&nbsp;: Mme SOLAIRE Marie RAISON SOCIALE&nbsp;: La ferme de Jeanmetge ADRESSE&nbsp;: 508, chemin de Jeanmetge &#8211;&nbsp; 47290 CANCON MAIL&nbsp;: contact@lafermedejeanmetge.fr TELEPHONE &nbsp;: 06 63 90 93 24 ______________________________________________ SIRET&nbsp;: &nbsp;43855683900035 CODE APE&nbsp;: 0147Z TVA INTRACOMMUNAUTAIRE&nbsp;: FR68438556839 INSCRIPTION ORGANISME PROFESSIONNEL&nbsp;: MSA _______________________________________________ CONCEPTION ET R\u00c9ALISATION\u00a0: Max &amp; R\u00e9mi SITE INTERNET H\u00c9BERG\u00c9 PAR : Hostinger RESSOURCE &hellip; Mentions l\u00e9gales Lire la suite\u00a0\u00bb","og_url":"https:\/\/lafermedejeanmetge.fr\/?page_id=1951","og_site_name":"La Ferme de Jeanmetge","article_modified_time":"2023-06-05T21:18:43+00:00","twitter_card":"summary_large_image","twitter_misc":{"Dur\u00e9e de lecture estim\u00e9e":"1 minute"},"schema":{"@context":"https:\/\/schema.org","@graph":[{"@type":"WebPage","@id":"https:\/\/lafermedejeanmetge.fr\/?page_id=1951","url":"https:\/\/lafermedejeanmetge.fr\/?page_id=1951","name":"Mentions l\u00e9gales - La Ferme de Jeanmetge","isPartOf":{"@id":"https:\/\/lafermedejeanmetge.fr\/#website"},"datePublished":"2023-03-06T16:41:58+00:00","dateModified":"2023-06-05T21:18:43+00:00","breadcrumb":{"@id":"https:\/\/lafermedejeanmetge.fr\/?page_id=1951#breadcrumb"},"inLanguage":"fr-FR","potentialAction":[{"@type":"ReadAction","target":["https:\/\/lafermedejeanmetge.fr\/?page_id=1951"]}]},{"@type":"BreadcrumbList","@id":"https:\/\/lafermedejeanmetge.fr\/?page_id=1951#breadcrumb","itemListElement":[{"@type":"ListItem","position":1,"name":"Accueil","item":"https:\/\/lafermedejeanmetge.fr\/"},{"@type":"ListItem","position":2,"name":"Mentions l\u00e9gales"}]},{"@type":"WebSite","@id":"https:\/\/lafermedejeanmetge.fr\/#website","url":"https:\/\/lafermedejeanmetge.fr\/","name":"La Ferme de Jeanmetge","description":"","publisher":{"@id":"https:\/\/lafermedejeanmetge.fr\/#organization"},"potentialAction":[{"@type":"SearchAction","target":{"@type":"EntryPoint","urlTemplate":"https:\/\/lafermedejeanmetge.fr\/?s={search_term_string}"},"query-input":{"@type":"PropertyValueSpecification","valueRequired":true,"valueName":"search_term_string"}}],"inLanguage":"fr-FR"},{"@type":"Organization","@id":"https:\/\/lafermedejeanmetge.fr\/#organization","name":"La Ferme de Jeanmetge","url":"https:\/\/lafermedejeanmetge.fr\/","logo":{"@type":"ImageObject","inLanguage":"fr-FR","@id":"https:\/\/lafermedejeanmetge.fr\/#\/schema\/logo\/image\/","url":"https:\/\/lafermedejeanmetge.fr\/wp-content\/uploads\/2023\/02\/logo-2.png","contentUrl":"https:\/\/lafermedejeanmetge.fr\/wp-content\/uploads\/2023\/02\/logo-2.png","width":2400,"height":676,"caption":"La Ferme de Jeanmetge"},"image":{"@id":"https:\/\/lafermedejeanmetge.fr\/#\/schema\/logo\/image\/"},"sameAs":["https:\/\/www.instagram.com\/ferme_de_jeanmetge\/"]}]}},"jetpack_sharing_enabled":true,"_links":{"self":[{"href":"https:\/\/lafermedejeanmetge.fr\/index.php?rest_route=\/wp\/v2\/pages\/1951","targetHints":{"allow":["GET"]}}],"collection":[{"href":"https:\/\/lafermedejeanmetge.fr\/index.php?rest_route=\/wp\/v2\/pages"}],"about":[{"href":"https:\/\/lafermedejeanmetge.fr\/index.php?rest_route=\/wp\/v2\/types\/page"}],"author":[{"embeddable":true,"href":"https:\/\/lafermedejeanmetge.fr\/index.php?rest_route=\/wp\/v2\/users\/1"}],"replies":[{"embeddable":true,"href":"https:\/\/lafermedejeanmetge.fr\/index.php?rest_route=%2Fwp%2Fv2%2Fcomments&post=1951"}],"version-history":[{"count":6,"href":"https:\/\/lafermedejeanmetge.fr\/index.php?rest_route=\/wp\/v2\/pages\/1951\/revisions"}],"predecessor-version":[{"id":2129,"href":"https:\/\/lafermedejeanmetge.fr\/index.php?rest_route=\/wp\/v2\/pages\/1951\/revisions\/2129"}],"wp:attachment":[{"href":"https:\/\/lafermedejeanmetge.fr\/index.php?rest_route=%2Fwp%2Fv2%2Fmedia&parent=1951"}],"curies":[{"name":"wp","href":"https:\/\/api.w.org\/{rel}","templated":true}]}}