{"id":2356,"date":"2025-02-04T18:03:53","date_gmt":"2025-02-04T17:03:53","guid":{"rendered":"https:\/\/lafermedejeanmetge.fr\/?post_type=product&#038;p=2356"},"modified":"2025-05-07T16:14:19","modified_gmt":"2025-05-07T14:14:19","slug":"cure-hydrolat-peau-irritee","status":"publish","type":"product","link":"https:\/\/lafermedejeanmetge.fr\/?product=cure-hydrolat-peau-irritee","title":{"rendered":"Faire Peau Neuve"},"content":{"rendered":"<p class=\"p1\">Prenez cette cure d\u2019hydrolats bio pour apaiser et r\u00e9g\u00e9n\u00e9rer votre peau. Tous les hydrolats sont distill\u00e9s sur la Ferme de Jeanmetge.<\/p>\n<p class=\"p1\">Buvez une cuill\u00e8re \u00e0 soupe chaque matin dans un verre d\u2019eau. Continuez jusqu\u2019\u00e0 la fin du flacon.<\/p>\n<p class=\"p1\">Cette synergie r\u00e9unit :<\/p>\n<p class=\"p1\">\u2013 <span class=\"s1\"><b>Carotte sauvage<\/b><\/span> : r\u00e9g\u00e9n\u00e8re la peau et calme l\u2019inflammation<\/p>\n<p class=\"p1\">\u2013 <span class=\"s1\"><b>Romarin<\/b><\/span> : purifie et assainit<\/p>\n<p class=\"p1\">\u2013 <span class=\"s1\"><b>M\u00e9lisse<\/b><\/span> : apaise les irritations et d\u00e9mangeaisons<\/p>\n","protected":false},"excerpt":{"rendered":"<p class=\"p1\">Cure d\u2019hydrolats bio pour peau irrit\u00e9e. \u00c0 boire chaque matin. M\u00e9lisse, carotte sauvage et romarin pour apaiser, purifier et r\u00e9g\u00e9n\u00e9rer.<\/p>\n","protected":false},"featured_media":2468,"comment_status":"open","ping_status":"closed","template":"","meta":{"site-sidebar-layout":"default","site-content-layout":"default","ast-global-header-display":"","ast-main-header-display":"","ast-hfb-above-header-display":"","ast-hfb-below-header-display":"","ast-hfb-mobile-header-display":"","site-post-title":"","ast-breadcrumbs-content":"","ast-featured-img":"","footer-sml-layout":"","theme-transparent-header-meta":"default","adv-header-id-meta":"","stick-header-meta":"","header-above-stick-meta":"","header-main-stick-meta":"","header-below-stick-meta":""},"product_brand":[46,47],"product_cat":[34,74,72],"product_tag":[99,79,102,96,103,97,82,101,98,100],"class_list":{"0":"post-2356","1":"product","2":"type-product","3":"status-publish","4":"has-post-thumbnail","6":"product_brand-cera-alba","7":"product_brand-ferme-jeanmetge","8":"product_cat-cosmetiques","9":"product_cat-en-cure","10":"product_cat-potions-magiques-cosmetiques","11":"product_tag-carotte-sauvage-peau","12":"product_tag-cosmetique-bio-lot-et-garonne","13":"product_tag-cosmetique-interne-bio","14":"product_tag-cure-hydrolat-peau-irritee","15":"product_tag-cure-peau-sensible","16":"product_tag-hydrolats-bio-a-boire","17":"product_tag-la-ferme-de-jeanmetge","18":"product_tag-melisse-apaisante","19":"product_tag-regeneration-cutanee-naturelle","20":"product_tag-romarin-purifiant","21":"desktop-align-center","22":"tablet-align-left","23":"mobile-align-left","25":"first","26":"instock","27":"taxable","28":"shipping-taxable","29":"purchasable","30":"product-type-simple"},"yoast_head":"<!-- This site is optimized with the Yoast SEO plugin v27.5 - https:\/\/yoast.com\/product\/yoast-seo-wordpress\/ -->\n<title>Cure hydrolat peau irrit\u00e9e \u2013 R\u00e9g\u00e9n\u00e9ration et apaisement cutan\u00e9<\/title>\n<meta name=\"description\" content=\"Cure hydrolat peau irrit\u00e9e. M\u00e9lisse, carotte sauvage et romarin. \u00c0 prendre chaque matin pour apaiser, purifier et r\u00e9g\u00e9n\u00e9rer la peau.\" \/>\n<meta name=\"robots\" content=\"index, follow, max-snippet:-1, max-image-preview:large, max-video-preview:-1\" \/>\n<link rel=\"canonical\" href=\"https:\/\/lafermedejeanmetge.fr\/?product=cure-hydrolat-peau-irritee\" \/>\n<meta property=\"og:locale\" content=\"fr_FR\" \/>\n<meta property=\"og:type\" content=\"article\" \/>\n<meta property=\"og:title\" content=\"Le Sent-Bon\" \/>\n<meta property=\"og:description\" content=\"Le Sent-Bon\" \/>\n<meta property=\"og:url\" content=\"https:\/\/lafermedejeanmetge.fr\/?product=cure-hydrolat-peau-irritee\" \/>\n<meta property=\"og:site_name\" content=\"La Ferme de Jeanmetge\" \/>\n<meta property=\"article:modified_time\" content=\"2025-05-07T14:14:19+00:00\" \/>\n<meta property=\"og:image\" content=\"https:\/\/lafermedejeanmetge.fr\/wp-content\/uploads\/2025\/02\/Baume-a-levres-Lapidou.png\" \/>\n\t<meta property=\"og:image:width\" content=\"1080\" \/>\n\t<meta property=\"og:image:height\" content=\"1080\" \/>\n\t<meta property=\"og:image:type\" content=\"image\/png\" \/>\n<meta name=\"twitter:card\" content=\"summary_large_image\" \/>\n<meta name=\"twitter:title\" content=\"Le Sent-Bon\" \/>\n<meta name=\"twitter:description\" content=\"Le Sent-Bon\" \/>\n<meta name=\"twitter:image\" content=\"https:\/\/lafermedejeanmetge.fr\/wp-content\/uploads\/2025\/02\/Le-Sent-Bon-Relax.png\" \/>\n<meta name=\"twitter:label1\" content=\"Dur\u00e9e de lecture estim\u00e9e\" \/>\n\t<meta name=\"twitter:data1\" content=\"1 minute\" \/>\n<script type=\"application\/ld+json\" class=\"yoast-schema-graph\">{\"@context\":\"https:\\\/\\\/schema.org\",\"@graph\":[{\"@type\":\"WebPage\",\"@id\":\"https:\\\/\\\/lafermedejeanmetge.fr\\\/?product=cure-hydrolat-peau-irritee\",\"url\":\"https:\\\/\\\/lafermedejeanmetge.fr\\\/?product=cure-hydrolat-peau-irritee\",\"name\":\"Cure hydrolat peau irrit\u00e9e \u2013 R\u00e9g\u00e9n\u00e9ration et apaisement cutan\u00e9\",\"isPartOf\":{\"@id\":\"https:\\\/\\\/lafermedejeanmetge.fr\\\/#website\"},\"primaryImageOfPage\":{\"@id\":\"https:\\\/\\\/lafermedejeanmetge.fr\\\/?product=cure-hydrolat-peau-irritee#primaryimage\"},\"image\":{\"@id\":\"https:\\\/\\\/lafermedejeanmetge.fr\\\/?product=cure-hydrolat-peau-irritee#primaryimage\"},\"thumbnailUrl\":\"https:\\\/\\\/lafermedejeanmetge.fr\\\/wp-content\\\/uploads\\\/2025\\\/02\\\/faire-peau-neuve-cera-alba-scaled.webp\",\"datePublished\":\"2025-02-04T17:03:53+00:00\",\"dateModified\":\"2025-05-07T14:14:19+00:00\",\"description\":\"Cure hydrolat peau irrit\u00e9e. M\u00e9lisse, carotte sauvage et romarin. \u00c0 prendre chaque matin pour apaiser, purifier et r\u00e9g\u00e9n\u00e9rer la peau.\",\"breadcrumb\":{\"@id\":\"https:\\\/\\\/lafermedejeanmetge.fr\\\/?product=cure-hydrolat-peau-irritee#breadcrumb\"},\"inLanguage\":\"fr-FR\",\"potentialAction\":[{\"@type\":\"ReadAction\",\"target\":[\"https:\\\/\\\/lafermedejeanmetge.fr\\\/?product=cure-hydrolat-peau-irritee\"]}]},{\"@type\":\"ImageObject\",\"inLanguage\":\"fr-FR\",\"@id\":\"https:\\\/\\\/lafermedejeanmetge.fr\\\/?product=cure-hydrolat-peau-irritee#primaryimage\",\"url\":\"https:\\\/\\\/lafermedejeanmetge.fr\\\/wp-content\\\/uploads\\\/2025\\\/02\\\/faire-peau-neuve-cera-alba-scaled.webp\",\"contentUrl\":\"https:\\\/\\\/lafermedejeanmetge.fr\\\/wp-content\\\/uploads\\\/2025\\\/02\\\/faire-peau-neuve-cera-alba-scaled.webp\",\"width\":1707,\"height\":2560,\"caption\":\"Cure hydrolat peau irrit\u00e9e bio, \u00e0 base de carotte sauvage, romarin et m\u00e9lisse \u2013 La Ferme de Jeanmetge\"},{\"@type\":\"BreadcrumbList\",\"@id\":\"https:\\\/\\\/lafermedejeanmetge.fr\\\/?product=cure-hydrolat-peau-irritee#breadcrumb\",\"itemListElement\":[{\"@type\":\"ListItem\",\"position\":1,\"name\":\"Accueil\",\"item\":\"https:\\\/\\\/lafermedejeanmetge.fr\\\/\"},{\"@type\":\"ListItem\",\"position\":2,\"name\":\"Boutique\",\"item\":\"https:\\\/\\\/lafermedejeanmetge.fr\\\/?page_id=1402\"},{\"@type\":\"ListItem\",\"position\":3,\"name\":\"Faire Peau Neuve\"}]},{\"@type\":\"WebSite\",\"@id\":\"https:\\\/\\\/lafermedejeanmetge.fr\\\/#website\",\"url\":\"https:\\\/\\\/lafermedejeanmetge.fr\\\/\",\"name\":\"La Ferme de Jeanmetge\",\"description\":\"\",\"publisher\":{\"@id\":\"https:\\\/\\\/lafermedejeanmetge.fr\\\/#organization\"},\"potentialAction\":[{\"@type\":\"SearchAction\",\"target\":{\"@type\":\"EntryPoint\",\"urlTemplate\":\"https:\\\/\\\/lafermedejeanmetge.fr\\\/?s={search_term_string}\"},\"query-input\":{\"@type\":\"PropertyValueSpecification\",\"valueRequired\":true,\"valueName\":\"search_term_string\"}}],\"inLanguage\":\"fr-FR\"},{\"@type\":\"Organization\",\"@id\":\"https:\\\/\\\/lafermedejeanmetge.fr\\\/#organization\",\"name\":\"La Ferme de Jeanmetge\",\"url\":\"https:\\\/\\\/lafermedejeanmetge.fr\\\/\",\"logo\":{\"@type\":\"ImageObject\",\"inLanguage\":\"fr-FR\",\"@id\":\"https:\\\/\\\/lafermedejeanmetge.fr\\\/#\\\/schema\\\/logo\\\/image\\\/\",\"url\":\"https:\\\/\\\/lafermedejeanmetge.fr\\\/wp-content\\\/uploads\\\/2023\\\/02\\\/logo-2.png\",\"contentUrl\":\"https:\\\/\\\/lafermedejeanmetge.fr\\\/wp-content\\\/uploads\\\/2023\\\/02\\\/logo-2.png\",\"width\":2400,\"height\":676,\"caption\":\"La Ferme de Jeanmetge\"},\"image\":{\"@id\":\"https:\\\/\\\/lafermedejeanmetge.fr\\\/#\\\/schema\\\/logo\\\/image\\\/\"},\"sameAs\":[\"https:\\\/\\\/www.instagram.com\\\/ferme_de_jeanmetge\\\/\"]}]}<\/script>\n<!-- \/ Yoast SEO plugin. -->","yoast_head_json":{"title":"Cure hydrolat peau irrit\u00e9e \u2013 R\u00e9g\u00e9n\u00e9ration et apaisement cutan\u00e9","description":"Cure hydrolat peau irrit\u00e9e. M\u00e9lisse, carotte sauvage et romarin. \u00c0 prendre chaque matin pour apaiser, purifier et r\u00e9g\u00e9n\u00e9rer la peau.","robots":{"index":"index","follow":"follow","max-snippet":"max-snippet:-1","max-image-preview":"max-image-preview:large","max-video-preview":"max-video-preview:-1"},"canonical":"https:\/\/lafermedejeanmetge.fr\/?product=cure-hydrolat-peau-irritee","og_locale":"fr_FR","og_type":"article","og_title":"Le Sent-Bon","og_description":"Le Sent-Bon","og_url":"https:\/\/lafermedejeanmetge.fr\/?product=cure-hydrolat-peau-irritee","og_site_name":"La Ferme de Jeanmetge","article_modified_time":"2025-05-07T14:14:19+00:00","og_image":[{"width":1080,"height":1080,"url":"https:\/\/lafermedejeanmetge.fr\/wp-content\/uploads\/2025\/02\/Baume-a-levres-Lapidou.png","type":"image\/png"}],"twitter_card":"summary_large_image","twitter_title":"Le Sent-Bon","twitter_description":"Le Sent-Bon","twitter_image":"https:\/\/lafermedejeanmetge.fr\/wp-content\/uploads\/2025\/02\/Le-Sent-Bon-Relax.png","twitter_misc":{"Dur\u00e9e de lecture estim\u00e9e":"1 minute"},"schema":{"@context":"https:\/\/schema.org","@graph":[{"@type":"WebPage","@id":"https:\/\/lafermedejeanmetge.fr\/?product=cure-hydrolat-peau-irritee","url":"https:\/\/lafermedejeanmetge.fr\/?product=cure-hydrolat-peau-irritee","name":"Cure hydrolat peau irrit\u00e9e \u2013 R\u00e9g\u00e9n\u00e9ration et apaisement cutan\u00e9","isPartOf":{"@id":"https:\/\/lafermedejeanmetge.fr\/#website"},"primaryImageOfPage":{"@id":"https:\/\/lafermedejeanmetge.fr\/?product=cure-hydrolat-peau-irritee#primaryimage"},"image":{"@id":"https:\/\/lafermedejeanmetge.fr\/?product=cure-hydrolat-peau-irritee#primaryimage"},"thumbnailUrl":"https:\/\/lafermedejeanmetge.fr\/wp-content\/uploads\/2025\/02\/faire-peau-neuve-cera-alba-scaled.webp","datePublished":"2025-02-04T17:03:53+00:00","dateModified":"2025-05-07T14:14:19+00:00","description":"Cure hydrolat peau irrit\u00e9e. M\u00e9lisse, carotte sauvage et romarin. \u00c0 prendre chaque matin pour apaiser, purifier et r\u00e9g\u00e9n\u00e9rer la peau.","breadcrumb":{"@id":"https:\/\/lafermedejeanmetge.fr\/?product=cure-hydrolat-peau-irritee#breadcrumb"},"inLanguage":"fr-FR","potentialAction":[{"@type":"ReadAction","target":["https:\/\/lafermedejeanmetge.fr\/?product=cure-hydrolat-peau-irritee"]}]},{"@type":"ImageObject","inLanguage":"fr-FR","@id":"https:\/\/lafermedejeanmetge.fr\/?product=cure-hydrolat-peau-irritee#primaryimage","url":"https:\/\/lafermedejeanmetge.fr\/wp-content\/uploads\/2025\/02\/faire-peau-neuve-cera-alba-scaled.webp","contentUrl":"https:\/\/lafermedejeanmetge.fr\/wp-content\/uploads\/2025\/02\/faire-peau-neuve-cera-alba-scaled.webp","width":1707,"height":2560,"caption":"Cure hydrolat peau irrit\u00e9e bio, \u00e0 base de carotte sauvage, romarin et m\u00e9lisse \u2013 La Ferme de Jeanmetge"},{"@type":"BreadcrumbList","@id":"https:\/\/lafermedejeanmetge.fr\/?product=cure-hydrolat-peau-irritee#breadcrumb","itemListElement":[{"@type":"ListItem","position":1,"name":"Accueil","item":"https:\/\/lafermedejeanmetge.fr\/"},{"@type":"ListItem","position":2,"name":"Boutique","item":"https:\/\/lafermedejeanmetge.fr\/?page_id=1402"},{"@type":"ListItem","position":3,"name":"Faire Peau Neuve"}]},{"@type":"WebSite","@id":"https:\/\/lafermedejeanmetge.fr\/#website","url":"https:\/\/lafermedejeanmetge.fr\/","name":"La Ferme de Jeanmetge","description":"","publisher":{"@id":"https:\/\/lafermedejeanmetge.fr\/#organization"},"potentialAction":[{"@type":"SearchAction","target":{"@type":"EntryPoint","urlTemplate":"https:\/\/lafermedejeanmetge.fr\/?s={search_term_string}"},"query-input":{"@type":"PropertyValueSpecification","valueRequired":true,"valueName":"search_term_string"}}],"inLanguage":"fr-FR"},{"@type":"Organization","@id":"https:\/\/lafermedejeanmetge.fr\/#organization","name":"La Ferme de Jeanmetge","url":"https:\/\/lafermedejeanmetge.fr\/","logo":{"@type":"ImageObject","inLanguage":"fr-FR","@id":"https:\/\/lafermedejeanmetge.fr\/#\/schema\/logo\/image\/","url":"https:\/\/lafermedejeanmetge.fr\/wp-content\/uploads\/2023\/02\/logo-2.png","contentUrl":"https:\/\/lafermedejeanmetge.fr\/wp-content\/uploads\/2023\/02\/logo-2.png","width":2400,"height":676,"caption":"La Ferme de Jeanmetge"},"image":{"@id":"https:\/\/lafermedejeanmetge.fr\/#\/schema\/logo\/image\/"},"sameAs":["https:\/\/www.instagram.com\/ferme_de_jeanmetge\/"]}]}},"jetpack_sharing_enabled":true,"_links":{"self":[{"href":"https:\/\/lafermedejeanmetge.fr\/index.php?rest_route=\/wp\/v2\/product\/2356","targetHints":{"allow":["GET"]}}],"collection":[{"href":"https:\/\/lafermedejeanmetge.fr\/index.php?rest_route=\/wp\/v2\/product"}],"about":[{"href":"https:\/\/lafermedejeanmetge.fr\/index.php?rest_route=\/wp\/v2\/types\/product"}],"replies":[{"embeddable":true,"href":"https:\/\/lafermedejeanmetge.fr\/index.php?rest_route=%2Fwp%2Fv2%2Fcomments&post=2356"}],"wp:featuredmedia":[{"embeddable":true,"href":"https:\/\/lafermedejeanmetge.fr\/index.php?rest_route=\/wp\/v2\/media\/2468"}],"wp:attachment":[{"href":"https:\/\/lafermedejeanmetge.fr\/index.php?rest_route=%2Fwp%2Fv2%2Fmedia&parent=2356"}],"wp:term":[{"taxonomy":"product_brand","embeddable":true,"href":"https:\/\/lafermedejeanmetge.fr\/index.php?rest_route=%2Fwp%2Fv2%2Fproduct_brand&post=2356"},{"taxonomy":"product_cat","embeddable":true,"href":"https:\/\/lafermedejeanmetge.fr\/index.php?rest_route=%2Fwp%2Fv2%2Fproduct_cat&post=2356"},{"taxonomy":"product_tag","embeddable":true,"href":"https:\/\/lafermedejeanmetge.fr\/index.php?rest_route=%2Fwp%2Fv2%2Fproduct_tag&post=2356"}],"curies":[{"name":"wp","href":"https:\/\/api.w.org\/{rel}","templated":true}]}}