{"id":2358,"date":"2025-02-04T18:04:57","date_gmt":"2025-02-04T17:04:57","guid":{"rendered":"https:\/\/lafermedejeanmetge.fr\/?post_type=product&#038;p=2358"},"modified":"2026-05-04T11:14:31","modified_gmt":"2026-05-04T09:14:31","slug":"repulsif-poux-naturel-cheveux","status":"publish","type":"product","link":"https:\/\/lafermedejeanmetge.fr\/?product=repulsif-poux-naturel-cheveux","title":{"rendered":"Chercher des Poux"},"content":{"rendered":"<p class=\"p1\">Utilisez ce r\u00e9pulsif poux naturel pour cheveux d\u00e8s les premiers signes. Il est compos\u00e9 d\u2019hydrolats bio distill\u00e9s \u00e0 la Ferme de Jeanmetge.<\/p>\n<p class=\"p1\">La formule contient de la tanaisie, de la menthe poivr\u00e9e, du romarin et de la lavande vraie.<\/p>\n<p class=\"p1\">Vaporisez le spray directement sur le cuir chevelu. Pulv\u00e9risez aussi sur les textiles : coussins, canap\u00e9, si\u00e8ge auto. Changez r\u00e9guli\u00e8rement la literie. Mettez les brosses \u00e0 cheveux une nuit au cong\u00e9lateur.<\/p>\n<p class=\"p1\">Ce produit est aussi efficace contre les puces, tiques et ao\u00fbtats. Appliquez-le sur vos v\u00eatements avant une balade en for\u00eat. Vaporisez aussi sur le pelage de votre chien.<\/p>\n","protected":false},"excerpt":{"rendered":"<p class=\"p1\"><b>R\u00e9pulsif poux naturel pour cheveux. Spray aux hydrolats bio \u00e0 vaporiser sur cuir chevelu, textiles ou animaux.<\/b><\/p>\n","protected":false},"featured_media":2469,"comment_status":"open","ping_status":"closed","template":"","meta":{"site-sidebar-layout":"default","site-content-layout":"default","ast-global-header-display":"","ast-main-header-display":"","ast-hfb-above-header-display":"","ast-hfb-below-header-display":"","ast-hfb-mobile-header-display":"","site-post-title":"","ast-breadcrumbs-content":"","ast-featured-img":"","footer-sml-layout":"","theme-transparent-header-meta":"default","adv-header-id-meta":"","stick-header-meta":"","header-above-stick-meta":"","header-main-stick-meta":"","header-below-stick-meta":""},"product_brand":[46,47],"product_cat":[34,73,72],"product_tag":[79,90,94,89,93,91,87,95,88,92],"class_list":{"0":"post-2358","1":"product","2":"type-product","3":"status-publish","4":"has-post-thumbnail","6":"product_brand-cera-alba","7":"product_brand-ferme-jeanmetge","8":"product_cat-cosmetiques","9":"product_cat-en-vaporisation","10":"product_cat-potions-magiques-cosmetiques","11":"product_tag-cosmetique-bio-lot-et-garonne","12":"product_tag-cuir-chevelu-irrite","13":"product_tag-ferme-de-jeanmetge","14":"product_tag-hydrolats-bio","15":"product_tag-lavande-tanaisie-menthe","16":"product_tag-produit-naturel-anti-puces","17":"product_tag-repulsif-poux-naturel","18":"product_tag-solution-naturelle-anti-insectes","19":"product_tag-spray-antipoux-enfants","20":"product_tag-tiques-aoutats-repulsif","21":"desktop-align-center","22":"tablet-align-left","23":"mobile-align-left","25":"first","26":"instock","27":"taxable","28":"shipping-taxable","29":"purchasable","30":"product-type-simple"},"yoast_head":"<!-- This site is optimized with the Yoast SEO plugin v27.5 - https:\/\/yoast.com\/product\/yoast-seo-wordpress\/ -->\n<title>R\u00e9pulsif poux naturel cheveux \u2013 Spray bio aux hydrolats<\/title>\n<meta name=\"description\" content=\"Spray naturel aux hydrolats bio. Tanaisie, menthe, lavande, romarin. \u00c0 vaporiser sur cheveux, textiles ou animaux pour repousser poux, tiques et puces.\" \/>\n<meta name=\"robots\" content=\"index, follow, max-snippet:-1, max-image-preview:large, max-video-preview:-1\" \/>\n<link rel=\"canonical\" href=\"https:\/\/lafermedejeanmetge.fr\/?product=repulsif-poux-naturel-cheveux\" \/>\n<meta property=\"og:locale\" content=\"fr_FR\" \/>\n<meta property=\"og:type\" content=\"article\" \/>\n<meta property=\"og:title\" content=\"Le Sent-Bon\" \/>\n<meta property=\"og:description\" content=\"Le Sent-Bon\" \/>\n<meta property=\"og:url\" content=\"https:\/\/lafermedejeanmetge.fr\/?product=repulsif-poux-naturel-cheveux\" \/>\n<meta property=\"og:site_name\" content=\"La Ferme de Jeanmetge\" \/>\n<meta property=\"article:modified_time\" content=\"2026-05-04T09:14:31+00:00\" \/>\n<meta property=\"og:image\" content=\"https:\/\/lafermedejeanmetge.fr\/wp-content\/uploads\/2025\/02\/Baume-a-levres-Lapidou.png\" \/>\n\t<meta property=\"og:image:width\" content=\"1080\" \/>\n\t<meta property=\"og:image:height\" content=\"1080\" \/>\n\t<meta property=\"og:image:type\" content=\"image\/png\" \/>\n<meta name=\"twitter:card\" content=\"summary_large_image\" \/>\n<meta name=\"twitter:title\" content=\"Le Sent-Bon\" \/>\n<meta name=\"twitter:description\" content=\"Le Sent-Bon\" \/>\n<meta name=\"twitter:image\" content=\"https:\/\/lafermedejeanmetge.fr\/wp-content\/uploads\/2025\/02\/Le-Sent-Bon-Relax.png\" \/>\n<meta name=\"twitter:label1\" content=\"Dur\u00e9e de lecture estim\u00e9e\" \/>\n\t<meta name=\"twitter:data1\" content=\"1 minute\" \/>\n<script type=\"application\/ld+json\" class=\"yoast-schema-graph\">{\"@context\":\"https:\\\/\\\/schema.org\",\"@graph\":[{\"@type\":\"WebPage\",\"@id\":\"https:\\\/\\\/lafermedejeanmetge.fr\\\/?product=repulsif-poux-naturel-cheveux\",\"url\":\"https:\\\/\\\/lafermedejeanmetge.fr\\\/?product=repulsif-poux-naturel-cheveux\",\"name\":\"R\u00e9pulsif poux naturel cheveux \u2013 Spray bio aux hydrolats\",\"isPartOf\":{\"@id\":\"https:\\\/\\\/lafermedejeanmetge.fr\\\/#website\"},\"primaryImageOfPage\":{\"@id\":\"https:\\\/\\\/lafermedejeanmetge.fr\\\/?product=repulsif-poux-naturel-cheveux#primaryimage\"},\"image\":{\"@id\":\"https:\\\/\\\/lafermedejeanmetge.fr\\\/?product=repulsif-poux-naturel-cheveux#primaryimage\"},\"thumbnailUrl\":\"https:\\\/\\\/lafermedejeanmetge.fr\\\/wp-content\\\/uploads\\\/2025\\\/02\\\/chercher-des-poux-cera-alba-scaled.webp\",\"datePublished\":\"2025-02-04T17:04:57+00:00\",\"dateModified\":\"2026-05-04T09:14:31+00:00\",\"description\":\"Spray naturel aux hydrolats bio. Tanaisie, menthe, lavande, romarin. \u00c0 vaporiser sur cheveux, textiles ou animaux pour repousser poux, tiques et puces.\",\"breadcrumb\":{\"@id\":\"https:\\\/\\\/lafermedejeanmetge.fr\\\/?product=repulsif-poux-naturel-cheveux#breadcrumb\"},\"inLanguage\":\"fr-FR\",\"potentialAction\":[{\"@type\":\"ReadAction\",\"target\":[\"https:\\\/\\\/lafermedejeanmetge.fr\\\/?product=repulsif-poux-naturel-cheveux\"]}]},{\"@type\":\"ImageObject\",\"inLanguage\":\"fr-FR\",\"@id\":\"https:\\\/\\\/lafermedejeanmetge.fr\\\/?product=repulsif-poux-naturel-cheveux#primaryimage\",\"url\":\"https:\\\/\\\/lafermedejeanmetge.fr\\\/wp-content\\\/uploads\\\/2025\\\/02\\\/chercher-des-poux-cera-alba-scaled.webp\",\"contentUrl\":\"https:\\\/\\\/lafermedejeanmetge.fr\\\/wp-content\\\/uploads\\\/2025\\\/02\\\/chercher-des-poux-cera-alba-scaled.webp\",\"width\":1707,\"height\":2560,\"caption\":\"Spray r\u00e9pulsif poux naturel pour cheveux, hydrolats bio de la Ferme de Jeanmetge\"},{\"@type\":\"BreadcrumbList\",\"@id\":\"https:\\\/\\\/lafermedejeanmetge.fr\\\/?product=repulsif-poux-naturel-cheveux#breadcrumb\",\"itemListElement\":[{\"@type\":\"ListItem\",\"position\":1,\"name\":\"Accueil\",\"item\":\"https:\\\/\\\/lafermedejeanmetge.fr\\\/\"},{\"@type\":\"ListItem\",\"position\":2,\"name\":\"Boutique\",\"item\":\"https:\\\/\\\/lafermedejeanmetge.fr\\\/?page_id=1402\"},{\"@type\":\"ListItem\",\"position\":3,\"name\":\"Chercher des Poux\"}]},{\"@type\":\"WebSite\",\"@id\":\"https:\\\/\\\/lafermedejeanmetge.fr\\\/#website\",\"url\":\"https:\\\/\\\/lafermedejeanmetge.fr\\\/\",\"name\":\"La Ferme de Jeanmetge\",\"description\":\"\",\"publisher\":{\"@id\":\"https:\\\/\\\/lafermedejeanmetge.fr\\\/#organization\"},\"potentialAction\":[{\"@type\":\"SearchAction\",\"target\":{\"@type\":\"EntryPoint\",\"urlTemplate\":\"https:\\\/\\\/lafermedejeanmetge.fr\\\/?s={search_term_string}\"},\"query-input\":{\"@type\":\"PropertyValueSpecification\",\"valueRequired\":true,\"valueName\":\"search_term_string\"}}],\"inLanguage\":\"fr-FR\"},{\"@type\":\"Organization\",\"@id\":\"https:\\\/\\\/lafermedejeanmetge.fr\\\/#organization\",\"name\":\"La Ferme de Jeanmetge\",\"url\":\"https:\\\/\\\/lafermedejeanmetge.fr\\\/\",\"logo\":{\"@type\":\"ImageObject\",\"inLanguage\":\"fr-FR\",\"@id\":\"https:\\\/\\\/lafermedejeanmetge.fr\\\/#\\\/schema\\\/logo\\\/image\\\/\",\"url\":\"https:\\\/\\\/lafermedejeanmetge.fr\\\/wp-content\\\/uploads\\\/2023\\\/02\\\/logo-2.png\",\"contentUrl\":\"https:\\\/\\\/lafermedejeanmetge.fr\\\/wp-content\\\/uploads\\\/2023\\\/02\\\/logo-2.png\",\"width\":2400,\"height\":676,\"caption\":\"La Ferme de Jeanmetge\"},\"image\":{\"@id\":\"https:\\\/\\\/lafermedejeanmetge.fr\\\/#\\\/schema\\\/logo\\\/image\\\/\"},\"sameAs\":[\"https:\\\/\\\/www.instagram.com\\\/ferme_de_jeanmetge\\\/\"]}]}<\/script>\n<!-- \/ Yoast SEO plugin. -->","yoast_head_json":{"title":"R\u00e9pulsif poux naturel cheveux \u2013 Spray bio aux hydrolats","description":"Spray naturel aux hydrolats bio. Tanaisie, menthe, lavande, romarin. \u00c0 vaporiser sur cheveux, textiles ou animaux pour repousser poux, tiques et puces.","robots":{"index":"index","follow":"follow","max-snippet":"max-snippet:-1","max-image-preview":"max-image-preview:large","max-video-preview":"max-video-preview:-1"},"canonical":"https:\/\/lafermedejeanmetge.fr\/?product=repulsif-poux-naturel-cheveux","og_locale":"fr_FR","og_type":"article","og_title":"Le Sent-Bon","og_description":"Le Sent-Bon","og_url":"https:\/\/lafermedejeanmetge.fr\/?product=repulsif-poux-naturel-cheveux","og_site_name":"La Ferme de Jeanmetge","article_modified_time":"2026-05-04T09:14:31+00:00","og_image":[{"width":1080,"height":1080,"url":"https:\/\/lafermedejeanmetge.fr\/wp-content\/uploads\/2025\/02\/Baume-a-levres-Lapidou.png","type":"image\/png"}],"twitter_card":"summary_large_image","twitter_title":"Le Sent-Bon","twitter_description":"Le Sent-Bon","twitter_image":"https:\/\/lafermedejeanmetge.fr\/wp-content\/uploads\/2025\/02\/Le-Sent-Bon-Relax.png","twitter_misc":{"Dur\u00e9e de lecture estim\u00e9e":"1 minute"},"schema":{"@context":"https:\/\/schema.org","@graph":[{"@type":"WebPage","@id":"https:\/\/lafermedejeanmetge.fr\/?product=repulsif-poux-naturel-cheveux","url":"https:\/\/lafermedejeanmetge.fr\/?product=repulsif-poux-naturel-cheveux","name":"R\u00e9pulsif poux naturel cheveux \u2013 Spray bio aux hydrolats","isPartOf":{"@id":"https:\/\/lafermedejeanmetge.fr\/#website"},"primaryImageOfPage":{"@id":"https:\/\/lafermedejeanmetge.fr\/?product=repulsif-poux-naturel-cheveux#primaryimage"},"image":{"@id":"https:\/\/lafermedejeanmetge.fr\/?product=repulsif-poux-naturel-cheveux#primaryimage"},"thumbnailUrl":"https:\/\/lafermedejeanmetge.fr\/wp-content\/uploads\/2025\/02\/chercher-des-poux-cera-alba-scaled.webp","datePublished":"2025-02-04T17:04:57+00:00","dateModified":"2026-05-04T09:14:31+00:00","description":"Spray naturel aux hydrolats bio. Tanaisie, menthe, lavande, romarin. \u00c0 vaporiser sur cheveux, textiles ou animaux pour repousser poux, tiques et puces.","breadcrumb":{"@id":"https:\/\/lafermedejeanmetge.fr\/?product=repulsif-poux-naturel-cheveux#breadcrumb"},"inLanguage":"fr-FR","potentialAction":[{"@type":"ReadAction","target":["https:\/\/lafermedejeanmetge.fr\/?product=repulsif-poux-naturel-cheveux"]}]},{"@type":"ImageObject","inLanguage":"fr-FR","@id":"https:\/\/lafermedejeanmetge.fr\/?product=repulsif-poux-naturel-cheveux#primaryimage","url":"https:\/\/lafermedejeanmetge.fr\/wp-content\/uploads\/2025\/02\/chercher-des-poux-cera-alba-scaled.webp","contentUrl":"https:\/\/lafermedejeanmetge.fr\/wp-content\/uploads\/2025\/02\/chercher-des-poux-cera-alba-scaled.webp","width":1707,"height":2560,"caption":"Spray r\u00e9pulsif poux naturel pour cheveux, hydrolats bio de la Ferme de Jeanmetge"},{"@type":"BreadcrumbList","@id":"https:\/\/lafermedejeanmetge.fr\/?product=repulsif-poux-naturel-cheveux#breadcrumb","itemListElement":[{"@type":"ListItem","position":1,"name":"Accueil","item":"https:\/\/lafermedejeanmetge.fr\/"},{"@type":"ListItem","position":2,"name":"Boutique","item":"https:\/\/lafermedejeanmetge.fr\/?page_id=1402"},{"@type":"ListItem","position":3,"name":"Chercher des Poux"}]},{"@type":"WebSite","@id":"https:\/\/lafermedejeanmetge.fr\/#website","url":"https:\/\/lafermedejeanmetge.fr\/","name":"La Ferme de Jeanmetge","description":"","publisher":{"@id":"https:\/\/lafermedejeanmetge.fr\/#organization"},"potentialAction":[{"@type":"SearchAction","target":{"@type":"EntryPoint","urlTemplate":"https:\/\/lafermedejeanmetge.fr\/?s={search_term_string}"},"query-input":{"@type":"PropertyValueSpecification","valueRequired":true,"valueName":"search_term_string"}}],"inLanguage":"fr-FR"},{"@type":"Organization","@id":"https:\/\/lafermedejeanmetge.fr\/#organization","name":"La Ferme de Jeanmetge","url":"https:\/\/lafermedejeanmetge.fr\/","logo":{"@type":"ImageObject","inLanguage":"fr-FR","@id":"https:\/\/lafermedejeanmetge.fr\/#\/schema\/logo\/image\/","url":"https:\/\/lafermedejeanmetge.fr\/wp-content\/uploads\/2023\/02\/logo-2.png","contentUrl":"https:\/\/lafermedejeanmetge.fr\/wp-content\/uploads\/2023\/02\/logo-2.png","width":2400,"height":676,"caption":"La Ferme de Jeanmetge"},"image":{"@id":"https:\/\/lafermedejeanmetge.fr\/#\/schema\/logo\/image\/"},"sameAs":["https:\/\/www.instagram.com\/ferme_de_jeanmetge\/"]}]}},"jetpack_sharing_enabled":true,"_links":{"self":[{"href":"https:\/\/lafermedejeanmetge.fr\/index.php?rest_route=\/wp\/v2\/product\/2358","targetHints":{"allow":["GET"]}}],"collection":[{"href":"https:\/\/lafermedejeanmetge.fr\/index.php?rest_route=\/wp\/v2\/product"}],"about":[{"href":"https:\/\/lafermedejeanmetge.fr\/index.php?rest_route=\/wp\/v2\/types\/product"}],"replies":[{"embeddable":true,"href":"https:\/\/lafermedejeanmetge.fr\/index.php?rest_route=%2Fwp%2Fv2%2Fcomments&post=2358"}],"wp:featuredmedia":[{"embeddable":true,"href":"https:\/\/lafermedejeanmetge.fr\/index.php?rest_route=\/wp\/v2\/media\/2469"}],"wp:attachment":[{"href":"https:\/\/lafermedejeanmetge.fr\/index.php?rest_route=%2Fwp%2Fv2%2Fmedia&parent=2358"}],"wp:term":[{"taxonomy":"product_brand","embeddable":true,"href":"https:\/\/lafermedejeanmetge.fr\/index.php?rest_route=%2Fwp%2Fv2%2Fproduct_brand&post=2358"},{"taxonomy":"product_cat","embeddable":true,"href":"https:\/\/lafermedejeanmetge.fr\/index.php?rest_route=%2Fwp%2Fv2%2Fproduct_cat&post=2358"},{"taxonomy":"product_tag","embeddable":true,"href":"https:\/\/lafermedejeanmetge.fr\/index.php?rest_route=%2Fwp%2Fv2%2Fproduct_tag&post=2358"}],"curies":[{"name":"wp","href":"https:\/\/api.w.org\/{rel}","templated":true}]}}